+ 9. Suppose -3*x - 6 = 15. Let o be n(x). What is d(o)?
2
Let a(c) = -53427*c + 53408*c - 3*c**2 + 2*c**2 + 61. What is a(3)?
-5
Let x(k) = -24*k + 389. Let y be x(16). Let p(u) = -6 - 85*u + u**2 + 91*u - 2*u**2 - y + 16. Let l(b) = -b**2 + 5. Let d be l(0). What is p(d)?
10
Let s(m) = -2*m + 3. Suppose -4*d = 3*x - 14, -6 = -4*x + 2. Suppose -3*o = -y, d*y + o + 9 = -5. Determine s(y).
15
Suppose 13 = -3*i + 22. Suppose 0 = 5*f + 3*k - 12 - 13, -4*f + k + i = 0. Let m(n) = 10*n. Calculate m(f).
20
Let o(k) = k**3 + 8*k**2 + 11*k - 2. Let p = -1266 + 1260. What is o(p)?
4
Let t(f) = -f**3 - 12*f**2 + 31*f + 26. Let v be 20 + 390/(-15) + -8. Determine t(v).
-16
Let b(d) = -d**2 + 4*d + 3. Let h = 462 + -141. Let m = h + -316. Calculate b(m).
-2
Suppose 0 = 2*x + 7*x - 18. Suppose 3*w - j - 10 = 3*j, 0 = -w - x*j - 10. Let s be 45/(-9) + (3 - (w - -2)). Let b(p) = -p**3 - 4*p**2 - 2*p - 2. Give b(s).
-6
Let t(j) = 4*j + j - j + 0*j + 4. Let k(b) = 3*b + 3. Let p(d) = -5*k(d) + 4*t(d). Let l(o) = 8*o + 7. Let u(w) = l(w) - 5*p(w). Give u(-3).
-7
Suppose -5*h - 30 = 115. Let r = h + 9. Let a be ((-12)/10)/((-4)/r). Let f(v) = v - 6. Calculate f(a).
-12
Let w = -20 - -18. Let b be -7 - w - (-3)/((-9)/(-12)). Let j(l) = -19*l. Determine j(b).
19
Let a(r) = r**3 - r**2 + 3*r - 1. Suppose 0*x - 78*x = 41 - 197. Calculate a(x).
9
Suppose -5*c = 4*x - 46, 9*x + 24*c = 29*c + 136. Let m(o) = -o**3 + 12*o**2 + 28*o - 3. Determine m(x).
-3
Let b = -362 + 366. Let h(w) = w**2 - w - 4. Let f(c) = -2*c**2 + 2*c + 8. Let u(o) = -4*f(o) - 7*h(o). Determine u(b).
8
Let b = 2962 + -2968. Let k(n) = n**2 + 7*n + 4. Give k(b).
-2
Suppose 7 = -2*h - 5*r - 15, -5*h = -2*r + 26. Let z(a) be the first derivative of -a**4/4 - 7*a**3/3 - 2*a**2 - 9*a + 105. What is z(h)?
-21
Let i = 16 - 4. Suppose 0 = 5*h - i*h + 14. Let x(o) = 39*o - 42*o + 0*o**2 + 11*o**2 - 8*o**2 + 2. Determine x(h).
8
Let f(x) = 8*x. Let d be (-45)/72*2*4. Calculate f(d).
-40
Let f(j) = -4*j**2 + 18*j + 20. Let o(d) = -7*d**2 + 31*d + 38. Let t(r) = 9*f(r) - 5*o(r). Calculate t(2).
0
Let y = 953 + -951. Let h(a) = a**2 - 6*a + 15. Give h(y).
7
Let u(j) = -10*j**3 - 5*j**2 + 6*j - 7. Let y(i) = -3*i**3 + 433*i**2 - 150*i + 866. Let a be y(144). Give u(a).
-95
Let z(u) = -34*u - 7. Let c(m) = -33*m + 2. Let l(p) = 10*c(p) - 9*z(p). Determine l(5).
-37
Let a(q) = -q**2 - 5*q + 4. Let p(t) = 2*t**2 - 9*t - 17. Let m(z) = a(z) + p(z). Give m(8).
-61
Let y(b) = b - 5 - 1 - 3 + 12. Let p(x) = -x. Let i(z) = -2*p(z) - y(z). What is i(9)?
6
Let o(d) = 12 - 7*d + 0*d + 21 - 45 + 24. Determine o(5).
-23
Let f be 96/(-36) + 1/(-3). Let p be 3 + (-9 - f/1). Let q(r) be the first derivative of -r**2/2 - 326. Determine q(p).
3
Let x = -12/2539 - -5114/7617. Let m(t) be the first derivative of 3*t + 2 - t**2 - x*t**3 + 1/4*t**4. Give m(3).
6
Suppose -60 = -16*i + 4*i. Suppose 0 = -2*s - 5*m - 0*m + 11, -5*m - 45 = -i*s. Let z(q) = -q**2 + 12*q - 12. Give z(s).
20
Suppose -2*t + 19 - 1 = 4*n, -15 = -4*t - n. Let o = 11 - t. Let s(u) = o + 3 + 2 - u - 1. Calculate s(5).
7
Let l(p) = -10*p - 285. Let x(u) = -12*u - 333. Let q(a) = 7*l(a) - 6*x(a). Let k be (2/(-3))/(2/(-9)). Suppose k*h + 20 = -h. Determine q(h).
-7
Let r(w) = -12*w**2 + 216*w + 7. Let o(p) = -7*p**2 + 117*p + 3. Let h(i) = -7*o(i) + 4*r(i). What is h(-45)?
7
Let s = 263 - 266. Let w be s/(3/(-2)) - (-6)/(-6). Let x(u) = -6*u**2 + 2*u - 1. What is x(w)?
-5
Suppose d = -2*y + 6*d + 84, 4*y + 5*d = 138. Suppose 2*j - 15*j + 40 = 7*j. Let k(b) = -b + 1 + 36*b**2 - 1 - y*b**j. Determine k(-3).
-6
Let y(a) = -2*a**2 + 19*a + 6. Let m = -1907 - -1917. Determine y(m).
-4
Let k = 220 - 216. Suppose -5*d + 5 = f + 13, -k*d = -3*f - 43. Let c(b) = -b**3 - 13*b**2 + 2*b + 27. Determine c(f).
1
Let x(q) = q**3 - q**2 - q + 2. Suppose 3*t = 3*k - 0*k - 3, 0 = 3*t + 3*k - 27. Suppose 0 - 6 = -3*m + 4*f, t*f + 16 = -2*m. Give x(m).
-8
Let q(s) = -s**3 - 2*s**2 + s + 1. Let t = 53 + -122. Let z = 67 + t. Determine q(z).
-1
Let z(n) = 3*n - 42. Let i be z(14). Let m(g) be the second derivative of g**4/12 + 5*g**2 - 3*g. Determine m(i).
10
Let i(h) be the third derivative of -5/6*h**3 - 1/12*h**5 + 0 + 45*h**2 - 1/120*h**6 + 0*h**4 - h. Let x(o) = o. Let f be x(-5). Calculate i(f).
-5
Let w(z) = 567*z**3 + 384*z**2 - 16*z + 430. Let s(j) = 103*j**3 + 77*j**2 - 3*j + 86. Let d(f) = 11*s(f) - 2*w(f). Give d(79).
7
Let s(h) be the third derivative of -5/3*h**3 + 0*h + 0*h**4 + 0 + 1/15*h**5 + 14*h**2. Let w(j) = j**2 + 1. Let o(g) = -s(g) + 5*w(g). Determine o(0).
15
Let z(r) = 1203 - 662 - 637 + 83*r - 86*r. Calculate z(-28).
-12
Let i(v) = -v**2 + 6*v - 3. Suppose 13 - 17 = s. Let f be 4 - (-7 - s - 7). Suppose 4*r - 2 = f. Determine i(r).
5
Let a be (64/48)/(2/6). Let x(r) = -r**3 + 5*r**2 - 4*r + 2. Let k be x(a). Let i(v) = -36*v**2 + 3*v**3 - 2*v + 29*v**2 + 4*v - k*v**3 + 4. Give i(6).
-20
Let d(l) be the second derivative of l**6/120 + l**5/12 - l**4/4 + l**3 - 31*l**2/2 + 38*l. Let q(n) be the first derivative of d(n). Give q(-6).
6
Let u(l) = l + 32. Let n(s) = s + 7. Suppose j + 3*w - 16 = 0, j + 4*w = 5*w - 4. Let o(t) = j*u(t) - 3*n(t). Determine o(11).
-11
Let o(v) = 6 - v**3 - 16*v - 28*v + 9*v**2 + 54*v + 3*v**3. Let j(s) = -s**3 + 2*s**2 - s + 1. Let k(l) = -j(l) - o(l). Give k(-10).
-17
Let v(a) = -2336446 - 2*a + 1168204 - a**3 - 36*a**2 + 1168186. Determine v(-36).
16
Let r(g) = 3*g + 15. Let m be r(-6). Let p = m + 5. Let k be (p/(-12))/(4/(-24)). Let w(v) = 8*v + 1. What is w(k)?
9
Let w(o) = -4*o. Let l be 39/1 - 0/(-12). Let p = 23 + 14. Let m = l - p. Calculate w(m).
-8
Suppose 23 = 5*z + 3. Suppose 0 = -0*i + 5*i - z*b - 164, 2*i + 4*b - 60 = 0. Let h(w) = -i*w - 4 + 29*w - 2. Determine h(-4).
6
Let o be (-2)/(-3)*9/6 + -7. Let k be o/(-9)*-3*-1. Let s(n) = -n**3 - 5 - 5*n**k + 12 + 10*n**2 + 8*n - 8. What is s(6)?
11
Let d = 5827 + -5825. Let t(v) = -3*v**2 + 2*v - 5. Determine t(d).
-13
Let n = 109 - 109. Suppose n = -2*r - 6*r - 16. Let s(q) = -q**3 - 2*q**2 - q. Determine s(r).
2
Let s(q) = -5*q**2 - 5*q + 59. Let g(i) = -i**2 - i + 12. Let h(l) = 11*g(l) - 2*s(l). Suppose o = 5, 5*o - 7*o - 83 = -3*t. Let j = 31 - t. Give h(j).
14
Let k be (0 - 10/(-1 + -4)) + 98. Let m(n) = k - 49 - n**2 - 50 - 2*n. Suppose d - 15 = 3*f, 2*f - 4*f + 2*d - 14 = 0. What is m(f)?
-7
Let r(y) = y**3 - 7*y**2 - 2*y + 1. Let w(n) = 2*n**2 + 79*n - 37. Let b be w(-40). Suppose -2*z + 17 = b. What is r(z)?
-13
Let r(i) = -260 - 76 - 65 + 10*i - i**2 + 386. Determine r(2).
1
Let k(s) be the third derivative of s**5/60 - s**2. Suppose f - 6 = -3*c, 2*c + 135*f = 129*f + 36. Give k(c).
0
Let y = 15 - -30. Suppose 6*t = t + y. Let l(a) = 4 + 145*a + 5*a**2 - t*a**3 - 150*a + 8*a**3. What is l(4)?
0
Let n(b) = -b**3 - 30*b**2 + 99*b. Let y(q) = -q**2 + 56*q - 753. Let t be y(20). Determine n(t).
0
Let d = -11043 - -11055. Let q(b) = b**2 - 11*b + 8. What is q(d)?
20
Let j(o) = -5*o. Let z(p) = 16*p + 2. Let x(m) = -3*j(m) - z(m). Let w = 222 - 222. Calculate x(w).
-2
Let n(b) = b - 30. Suppose -10*g + 26*g + 144 = 0. Calculate n(g).
-39
Suppose -3647*s + 3657*s = -40. Let f(b) = b**3 + 5*b**2 + b - 3. Give f(s).
9
Let p(f) be the third derivative of -f**5/60 + f**4/2 - 11*f**3/3 + 2228*f**2. What is p(11)?
-11
Suppose 0*i + 10 = -2*i. Let q = i + 20. Let z(l) = -2 - 11*l + q*l + 0 - 1. What is z(3)?
9
Suppose -355 = -9*k + 4*k. Let s = k + -70. Let m(g) be the second derivative of -g**4/6 + 5*g. Give m(s).
-2
Let h(c) = -2*c**3 + 3*c**2 - 4*c - 3. Let m(x) = -8*x**3 + 18*x**2 - 15*x - 12. Let l(w) = -9*h(w) + 2*m(w). What is l(-4)?
-5
Suppose -192 = -2*p - 6*p. Suppose 3*l - 2*b + 32 = 0, 17*l + 2*b = 19*l + p. Let c(u) = u**2 + 7*u - 2. Calculate c(l).
6
Let d(z) = -z - 12. Suppose 8 = 3*g - 4*n - 100, 9 = -3*n. Suppose -5*x - 77 = -g. Give d(x).
-3
Let x(q) = q**2 + 7*q + 11. Let j = 5544 + -5550. Give x(j).
5
Let k(n) = -2*n**3 - 88*n**2 + 4*n + 181. Let z be -32 - (-185)/(-15) - 2/(-6). Determine k(z).
5
Let a(z) be the third derivative of -2*z**4/3 + z**3/6 - 2*z**2. Let u be ((-1298)/44 - -30)*(-8 + 3 + 3). Determine a(u).
17
Let y(s) = -361*s - 12. Let x(d) = -505*d - 19. Let f(g) = 5*x(g) - 7*y(g). Determine f(5).
-1
Let u(k) = -9*k**3 - 48*k**2 - 32*k -